Is 19 a factor of 4582831?
False
Does 125 divide 53750?
True
Is 408969 a multiple of 99?
True
Is 110200 a multiple of 25?
True
Does 28 divide 10574586?
False
Is 1294692 a multiple of 347?
False
Does 304 divide 5328?
False
Does 21 divide 64148?
False
Is 895280 a multiple of 380?
True
Is 57 a factor of 25285?
False
Is 56924 a multiple of 214?
True
Is 886 a factor of 4004657?
False
Is 3 a factor of 35085?
True
Does 15 divide 1054430?
False
Does 36 divide 14356062?
False
Is 88 a factor of 152835?
False
Is 19 a factor of 9929?
False
Does 16 divide 357040?
True
Is 1604863 a multiple of 1061?
False
Does 3 divide 50368?
False
Does 5 divide 702135?
True
Is 125352 a multiple of 21?
False
Does 34 divide 4514057?
False
Does 17 divide 84983?
True
Is 544044 a multiple of 12?
True
Is 11 a factor of 5723892?
False
Is 150 a factor of 403038?
False
Is 534 a factor of 7024148?
False
Is 61 a factor of 1784618?
False
Is 4 a factor of 25424?
True
Is 51 a factor of 11644872?
False
Does 24 divide 541104?
True
Is 2375765 a multiple of 35?
True
Does 69 divide 819524?
False
Is 2976886 a multiple of 1034?
True
Is 39 a factor of 6449425?
False
Does 548 divide 64656?
False
Is 119 a factor of 111837?
False
Is 120 a factor of 480840?
True
Does 21 divide 9981594?
True
Does 571 divide 327754?
True
Is 1038 a factor of 54646?
False
Is 1002 a factor of 4001762?
False
Is 410777 a multiple of 5?
False
Does 8 divide 131369?
False
Does 77 divide 30569?
True
Does 374 divide 11205788?
True
Is 12369015 a multiple of 19?
False
Is 207572 a multiple of 187?
False
Is 5962821 a multiple of 1913?
True
Is 128 a factor of 1201073?
False
Does 4 divide 266816?
True
Does 76 divide 271624?
True
Does 31 divide 11558628?
False
Is 416 a factor of 2031660?
False
Is 48894 a multiple of 6?
True
Is 399368 a multiple of 63?
False
Is 100079 a multiple of 11?
False
Is 96252 a multiple of 9?
False
Is 219010 a multiple of 17?
False
Is 93869 a multiple of 59?
True
Is 93475 a multiple of 25?
True
Is 10510973 a multiple of 2123?
True
Is 112 a factor of 589456?
True
Is 85 a factor of 223975?
True
Is 69 a factor of 4945234?
False
Is 10673079 a multiple of 779?
True
Is 2731584 a multiple of 8?
True
Is 10 a factor of 27616?
False
Does 317 divide 5687931?
True
Is 214039 a multiple of 203?
False
Is 24 a factor of 30360?
True
Is 2356805 a multiple of 8?
False
Is 318096 a multiple of 47?
True
Is 20 a factor of 53948?
False
Is 14 a factor of 122212?
False
Does 6 divide 8760?
True
Is 18475 a multiple of 27?
False
Does 29 divide 22272?
True
Is 16 a factor of 963168?
True
Is 25139287 a multiple of 20?
False
Is 191232 a multiple of 48?
True
Is 1348744 a multiple of 106?
True
Does 2 divide 686200?
True
Is 6 a factor of 719267?
False
Does 462 divide 4872714?
True
Does 90 divide 1005756?
False
Is 199 a factor of 815154?
False
Is 217652 a multiple of 37?
False
Is 20764 even?
True
Is 10 a factor of 1479988?
False
Is 48 a factor of 1261050?
False
Is 507 a factor of 7888788?
False
Does 47 divide 1137917?
True
Is 802 a factor of 51432?
False
Is 540918 a multiple of 8?
False
Is 21 a factor of 387112?
False
Is 4479552 a multiple of 77?
True
Is 5948527 a multiple of 149?
True
Does 22 divide 2279467?
False
Is 1404559 a multiple of 18?
False
Is 7667478 a multiple of 173?
False
Is 4086920 a multiple of 40?
True
Does 22 divide 4638442?
False
Does 40 divide 56078?
False
Is 254090 a multiple of 168?
False
Is 156654 a multiple of 27?
True
Is 578276 a multiple of 4?
True
Is 48 a factor of 875184?
True
Does 140 divide 108751?
False
Is 47 a factor of 1002698?
True
Is 267183 a multiple of 376?
False
Does 113 divide 1249228?
False
Does 156 divide 86736?
True
Is 122108 a multiple of 28?
True
Does 53 divide 3726416?
False
Is 19 a factor of 944644?
False
Is 17518 even?
True
Is 151 a factor of 78520?
True
Is 58 a factor of 3271042?
False
Is 6003914 a multiple of 7?
True
Does 93 divide 611011?
False
Is 18635 a multiple of 26?
False
Is 112 a factor of 963746?
False
Does 293 divide 52740?
True
Is 11 a factor of 147626?
False
Is 31 a factor of 147610?
False
Does 9 divide 130190?
False
Does 13 divide 946257?
True
Does 10 divide 40020?
True
Does 117 divide 432113?
False
Does 308 divide 127512?
True
Is 260291 a multiple of 377?
False
Is 13675 a multiple of 23?
False
Is 19 a factor of 47500?
True
Is 416780 a multiple of 5?
True
Is 137719 a multiple of 41?
True
Is 1447550 a multiple of 10?
True
Is 1595 a factor of 3954005?
True
Is 1151625 a multiple of 555?
True
Is 2501372 a multiple of 20?
False
Is 644459 a multiple of 31?
True
Is 36 a factor of 899522?
False
Is 1463766 a multiple of 138?
True
Does 192 divide 114432?
True
Does 15 divide 1828890?
True
Is 18 a factor of 1613545?
False
Does 21 divide 3735856?
False
Does 8 divide 30304?
True
Is 1159768 a multiple of 58?
True
Does 65 divide 851890?
True
Is 3 a factor of 59337?
True
Is 4 a factor of 110768?
True
Does 200 divide 2027200?
True
Is 14 a factor of 3346844?
False
Is 2 a factor of 31115?
False
Is 7 a factor of 80348?
False
Does 30 divide 3473370?
True
Is 61 a factor of 420947?
False
Does 26 divide 7098?
True
Is 766842 a multiple of 65?
False
Does 343 divide 625756?
False
Is 138105 a multiple of 45?
True
Is 8 a factor of 69632?
True
Is 368 a factor of 90955?
False
Is 142 a factor of 108204?
True
Does 532 divide 8210356?
True
Is 1918840 a multiple of 154?
True
Is 211081 a multiple of 8?
False
Is 81 a factor of 1318275?
True
Does 28 divide 150257?
False
Is 78 a factor of 296446?
False
Does 3 divide 2920515?
True
Is 3 a factor of 4775733?
True
Does 63 divide 1481872?
False
Is 6095765 a multiple of 33?
False
Is 1075611 a multiple of 48?
False
Does 64 divide 55424?
True
Is 848 a multiple of 16?
True
Is 126256 a multiple of 58?
False
Does 1642 divide 12558016?
True
Does 44 divide 7451904?
False
Is 2783398 a multiple of 189?
False
Does 17 divide 26652838?
True
Is 2 a factor of 257921?
False
Is 3110976 a multiple of 396?
True
Is 7 a factor of 631027?
False
Is 5 a factor of 902362?
False
Does 55 divide 100922?
False
Does 50 divide 168250?
True
Is 33 a factor of 1139016?
False
Does 10 divide 57929?
False
Is 91 a factor of 217831?
False
Is 51 a factor of 234855?
True
Is 289 a factor of 7456489?
True
Is 14 a factor of 196661?
False
Does 24 divide 244209?
False
Is 2272059 a multiple of 1932?
False
Does 103 divide 114124?
True
Is 4413520 a multiple of 20?
True
Does 1753 divide 24247851?
False
Is 35 a factor of 992670?
True
Does 162 divide 102269?
False
Is 557469 a multiple of 70?
False
Does 327 divide 1016992?
False
Does 104 divide 5889208?
True
Does 9 divide 212431?
False
Is 1563 a factor of 1884978?
True
Is 180359 a multiple of 53?
True
Is 11 a factor of 17787473?
True
Is 71 a factor of 843533?
False
Is 873 a factor of 851240?
False
Is 46 a factor of 270894?
True
Is 3043260 a multiple of 1060?
True
Does 56 divide 999438?
False
Is 15 a factor of 97614?
False
Is 33 a factor of 52844?
False
Is 143 a factor of 2113342?
False
Is 2804962 a multiple of 157?
True
Is 39222 a multiple of 9?
True
Does 14 divide 234340?
False
Does 3 divide 103186?
False
Is 125 a factor of 1507338?
False
Is 1070479 a multiple of 106?
False
Does 1267 divide 4195375?
False
Is 1010729 a multiple of 37?
True
Is 571 a factor of 5132672?
False
Is 589 a factor of 3425035?
True
Is 783742 a multiple of 54?
False
Does 35 divide 12425?
True
Does 80 divide 434080?
True
Is 2181824 a multiple of 17?
False
Is 34587 a multiple of 17?
False
Is 390578 a multiple of 21?
False
Does 1333 divide 3669985?
False
Is 4179113 a multiple of 81?
False
Is 21 a factor of 19616?
False
Is 24 a factor of 782376?
True
Is 8727669 a multiple of 81?
True
Does 91 divide 105998?
False
Does 24 divide 1320?
True
Is 23 a factor of 1073856?
False
Does 22 divide 3489104?
False
Is 490 a factor of 560542?
False
Does 57 divide 3043070?
False
Is 7714628 a multiple of 1615?
False
Is 11715834 a multiple of 145?
False
Does 181 divide 3269765?
True
Does 351 divide 7042134?
False
Is 7 a factor of 7335069?
True
Is 1937425 a multiple of 375?
False
Is 11 a factor of 137544?
True
Does 49 divide 294760?
False
Is 25297 a multiple of 2?
False
Does 7 divide 153897?
False
Is 7350476 a multiple of 28?
True
Is 1007248 a multiple of 388?
True
Is 68334 a multiple of 21?
True
Is 42 a factor of 8946?
True
Is 88